+ 79*i - 15. Let l(d) = -4*d**3 + 58*d**2 - 80*d + 13. Let u(o) = -4*l(o) - 5*v(o). What is the units digit of u(-44)?
7
Suppose -12 = -4*x, 0 = -2*n - 13*x + 14*x + 391. Suppose 28*w - 27*w - n = 0. What is the units digit of w?
7
Suppose 11*z = 13*z - 6. Suppose z*l - 892 - 236 = 0. Let d = 569 - l. What is the units digit of d?
3
Suppose 2*a - 25 = -5*m, -28*m = -29*m + 3*a + 5. Suppose -3*h + 4*f + 1059 = 0, 0 = 2*h + m*f - 9*f - 710. What is the units digit of h?
9
Let f = 13062 - -132. What is the tens digit of f?
9
Let f(i) be the second derivative of -4*i**3/3 - 35*i**2/2 + 18*i. Let o be f(-5). Suppose 0 = y + o*y - 78. What is the units digit of y?
3
Let p(s) = s**2 - 3*s + 19. Let k(r) = -r**3 - 38*r**2 - 36*r + 55. Let v be k(-37). What is the hundreds digit of p(v)?
2
Suppose 3*l - 12*v - 117 = -15*v, 2*l - 3*v = 53. Suppose -7*p + l*p - 33291 = 0. What is the hundreds digit of p?
2
Suppose -33*t = -31*t - 2. Let n be (1 + 265/25)/(t/(-10)). Let w = n - -262. What is the tens digit of w?
4
Let c be ((-40)/14)/((-5)/35). Suppose -2*d - 4*l = -c, 4*d - 19 = 3*l - 4*l. What is the units digit of 2/((d/(-73))/(-2))?
3
Let d = 82 + -164. Let y = 59 - d. What is the hundreds digit of y?
1
Let f be (398/(-6))/((-71)/213). Let l = f + 735. What is the tens digit of l?
3
Let d(b) = 3*b**2 - 9*b + 20. Let c(f) = -f**2 + 5*f - 9. Let q(a) = -10*c(a) - 4*d(a). Let t be q(-8). What is the units digit of -3 + 4 + t/2 + 148?
6
Suppose 3*p + 8 = 56. Let d = 20 - p. Suppose -2*g - 576 = -5*g + 3*f, -d*f + 924 = 5*g. What is the units digit of g?
8
Let j(t) = -11*t - 101. Let w be j(-30). Suppose -4*q + 5*y + 641 - w = 0, -y - 412 = -4*q. What is the tens digit of q?
0
Let f(x) = 2*x**2 - 15*x + 88. Let b be f(17). Suppose -23*a + 25*a = -3*z + b, 798 = 4*a - 2*z. What is the units digit of a?
1
Let b(s) = -s + 6. Let o be b(-4). Let f be (1 - 2)/(o/(-4220)). Suppose 11*t - 711 = f. What is the hundreds digit of t?
1
Suppose 864 = 5*m - 571. Suppose -4*d + 404 = o + 3*o, 3*d - 5*o = m. Let a = d - 84. What is the units digit of a?
5
Let o be (4/(-6))/(2/(-15)). Suppose 0 = -23*v + 37 + 9. Suppose o*s = -v*s + 749. What is the tens digit of s?
0
Suppose -15*t + 66 = -26*t. Let u be ((20/6)/(-2))/(t/18). Suppose 5*j + u*p = 115, -p + 110 = 4*j + 21. What is the units digit of j?
2
Suppose 94*m - 98*m - 20963 = -5*q, -2*q + 3*m + 8381 = 0. What is the thousands digit of q?
4
Let j = -353 - -363. Suppose 0 = j*h - 1594 + 34. What is the units digit of h?
6
Suppose -32*p + 99833 = -257799. What is the units digit of p?
6
Let k = -1 - 1. Let r(l) = -3*l**2 - 40*l**3 - 4*l - 1 + 10*l**3 + 18*l**3. What is the units digit of r(k)?
1
Let x(a) = 2*a - 33. Let m be x(17). Suppose -l - m = -c + 107, 434 = 4*c - 3*l. What is the hundreds digit of c?
1
Suppose 0 = -2*j + 1117 - 1119. Let g(v) be the first derivative of -97*v**4/2 + v**2 + 2*v + 2. What is the hundreds digit of g(j)?
1
Let z be (-2)/(-5) + (-36)/(-10). Suppose 3*f + 18 = 7*f - 2*x, 0 = z*x + 12. What is the hundreds digit of f/9*(-339)/(-1)?
1
Let y(h) be the third derivative of h**5/30 + h**4/8 + 4*h**3/3 + 9*h**2. Let j be y(-6). What is the tens digit of -3 + (-6)/(-2) + 2*j?
2
Suppose -x + 14167 = 4*y, 5*x + 4*y - 28465 = 42322. What is the ten thousands digit of x?
1
Let h = -3798 + 6007. What is the units digit of h?
9
Let p(v) = v**2 - 7*v + 4. Let m = 163 - 151. What is the tens digit of p(m)?
6
Let h = -527 - -303. Let w = 468 + h. What is the hundreds digit of w?
2
Let k(l) = -l**3 - 4*l**2 + 10*l + 1. Suppose -100 = -5*s - 5*b, 3*s - b + 6*b - 54 = 0. Let f = s - 29. What is the tens digit of k(f)?
1
Let j = -46495 + 66273. What is the ten thousands digit of j?
1
Let r be 64/(-288) - 1246/(-18). Suppose t - w = -2*t + 4, -3*t + 16 = -4*w. Suppose t = 5*j + 5*k - 295, 2*j - 54 = -k + r. What is the units digit of j?
4
Let t = 178 + -187. What is the tens digit of (2*t/(-9))/(2/36)?
3
Let z(s) = -548*s**3 + 6*s**2 - 21*s - 84. What is the tens digit of z(-3)?
2
Suppose -4*y + 50482 + 14193 = -l, -y = -3*l - 16155. What is the tens digit of y?
7
Suppose 62*r - 21744 = 38*r. What is the units digit of r?
6
Let d(h) = -19*h + 7. Let b be d(-2). Suppose -3*f = 3*k - 1287 - b, 3*k - 15 = 0. What is the tens digit of f?
3
Let p = 483 + -455. Let q = 160 - 51. Let b = q - p. What is the tens digit of b?
8
Suppose -16*i + 17*i = 5. Let y(j) = 16*j**2 - 2*j - 19. What is the units digit of y(i)?
1
Suppose 77 = 2*z - 3*j - 137, j = -4*z + 456. What is the tens digit of z?
1
Suppose -3*l - 21 = -2*m + 2*l, 5*l - 5 = 0. Suppose 73 = 12*t + m. Suppose -t*z = -3*r - 2*r + 295, -5*r + z + 295 = 0. What is the units digit of r?
9
Suppose 0*m - 1066 = -2*m + d, 0 = 5*m + d - 2679. Suppose 4*i = m + 2561. What is the tens digit of i?
7
Let g(a) = 7*a**2 - 7*a - 201. What is the ten thousands digit of g(47)?
1
Let g(r) = 72*r + 12. Let v(m) = 11*m + 1. Let k(x) = -g(x) + 3*v(x). Suppose 2 + 4 = -d. What is the units digit of k(d)?
5
Suppose 2*i + o = -i + 20, 0 = 5*i + 4*o - 38. Let t(j) = 63*j - 36. What is the hundreds digit of t(i)?
3
Let q(m) = 678*m - 3691. What is the tens digit of q(23)?
0
Let g(w) be the third derivative of 10*w**2 + 13/12*w**4 + 0*w + 0 - 5/6*w**3. What is the tens digit of g(4)?
9
Suppose 4*y = -5*s + y + 712, 0 = 2*s - 3*y - 268. Let m = 283 - s. Let u = -22 + m. What is the hundreds digit of u?
1
Let l = 65510 + -36677. What is the thousands digit of l?
8
Let c be 12/(-8)*(2 - (3 + 1)). Suppose 0 = -2*y + 4, -c*r - y - 236 = -5*r. What is the units digit of r?
9
Let c(b) = 94*b**2 - 2*b - 2. Let k be c(2). Suppose -5*n + 3*h + 375 = 0, -7*n + k = -2*n - 2*h. What is the units digit of n?
2
Let p(h) = -84*h - 76. Let v = 644 - 653. What is the units digit of p(v)?
0
Suppose 0 = -2*c + l + 103825, -58*c = -63*c - l + 259538. What is the hundreds digit of c?
9
Suppose 0 = m - 30 - 15. Suppose 6*n = 3*n + 5*c + 37, -5*n + 5*c = -m. Suppose 3*u = -z + 67 - 21, 4*z = n*u + 264. What is the tens digit of z?
6
Suppose -97*i + 2*p = -94*i - 84070, -2*p = -14. What is the ten thousands digit of i?
2
Let p = -32 + 38. Let h(c) = 7*c**2 + 9*c + 20. What is the tens digit of h(p)?
2
What is the tens digit of 4/12 + 7 + 86125/15?
4
Suppose -17*k + 9920 = -26817. What is the hundreds digit of k?
1
Let h(a) = 91*a**3 + 13*a**2 + 49*a - 335. What is the thousands digit of h(7)?
1
Let x be 9/15 - -1674*(-15)/(-25). Let r = x + -52. What is the hundreds digit of r?
9
Let d(j) = -j**2 + 9*j - 5. Let t be d(10). Let f(n) = n**2 + 13*n + 14. Let a be f(t). Let v = 163 - a. What is the tens digit of v?
1
What is the hundreds digit of (-2)/(-9) - 810082/(-117)?
9
Suppose 0 = -8*m + 12982 + 4346. Suppose 5*l - 1311 = -3*q, -5*q = -0*l + 2*l - m. What is the units digit of q?
2
Let q(w) = 9010*w**2 + 4*w + 3. What is the units digit of q(1)?
7
Suppose 0 = 2*p + 4*l - 21104, -32*p + 5*l + 52685 = -27*p. What is the hundreds digit of p?
5
Suppose -71*k + 325264 + 55051 = -6635. What is the units digit of k?
0
Let d = 4622 + -7072. Let x = -798 - d. What is the hundreds digit of x?
6
Let q be (0/(-5))/(-4 + 3). Suppose -6 = -d - 4*f, q*f - 9 = -5*d + f. Suppose -j = d, m + 253 = 6*m - 4*j. What is the tens digit of m?
4
What is the units digit of 13 - 17 - (-6710)/2*1?
1
Let o = 3133 - 955. What is the units digit of o?
8
What is the tens digit of -13 + (-963)/(-72) + (-72893)/(-8)?
1
Let t(c) be the second derivative of -c**3/6 - c**2/2 + 8*c. Let k be t(-3). Suppose k*w + 4*w - 114 = 0. What is the units digit of w?
9
Let i be (16/(-6))/((-10)/30). Let p(l) = -l + 13. Let r be p(i). Suppose -4*a = r*n - 27, 4*n + 3*a = 17 + 5. What is the units digit of n?
7
Let i = 1331 - -535. Suppose -79*g + i = -73*g. What is the units digit of g?
1
Let i = 3475 + 31063. What is the units digit of i?
8
Let i be 90/21 - (-14)/(-49). Let d be 4/(-7 + 5) + i. Suppose 0 = 3*s - 3*j - 432, -d*s - 2*j + 282 = -6*j. What is the units digit of s?
7
Suppose -38 = b - 39, 25508 = 3*f - b. What is the tens digit of f?
0
Let a = 15900 + -11126. What is the thousands digit of a?
4
Suppose 0 = 3*b - 4*a + 2875, -3*b + 0*b - 2887 = 2*a. What is the units digit of b/(-4) - (-2)/(-8)?
0
Suppose 7*q + q = 736. Suppose q + 133 = 5